hat is the units digit of u?
4
What is the units digit of ((-75)/(-2) - -2)*2?
9
Suppose 0 = 3*d - 5 - 4. Let s = 22 - 10. Suppose -9 = d*t, -4*t + s = j - 6*t. What is the units digit of j?
6
Suppose -8 = -5*w + 2. Let m(p) = -p**3 + 3*p**2 + p - 1. Let s be m(3). Suppose -2*h + 8 = 0, -w*h + 16 = -s*j + 3*j. What is the units digit of j?
8
Let y(o) = o**3 + 7*o**2 + 9*o + 9. Let z be y(-6). What is the units digit of z/(-6) + (-14)/(-4)?
5
Let b be (-386)/(-8) + (-1)/4. What is the units digit of b/9 - 8/(-12)?
6
Suppose 3*n + 9 = 6*n, 2*j - 3*n - 41 = 0. What is the tens digit of j?
2
Let p = 38 - 15. Suppose -p = -2*s + 17. Suppose -2*l - l = b - 27, -l + s = 4*b. What is the units digit of l?
8
Suppose 5 = s - f, s + 2*f - 21 = -f. Let x(b) = 2*b - s - 2*b - 3*b. What is the units digit of x(-7)?
2
Let h(s) = s**3 - s**2 + 7*s - 3. Let b(g) = g**3 + 8*g - 3. Let a(o) = -3*b(o) + 4*h(o). What is the units digit of a(4)?
3
Suppose -g + 7 = -l - 0, l + 5*g = 23. What is the units digit of 12/(1 - l) - 2?
2
Suppose -2*n + 763 - 141 = 0. What is the hundreds digit of n?
3
Let d(u) = -u**3 + 6*u**2 - u + 7. Let a be d(6). Let i(w) = 11*w + 1. Let v be i(a). Suppose 4 = 3*b + 13, 5*b + v = -m. What is the units digit of m?
3
Let h(q) = -10*q - 15. Let k be h(-6). Let a = k - 25. What is the tens digit of a?
2
Suppose -4*t = -3*w + 89, 4*t + 3*w = -2*w - 97. Let m = -15 - t. Let k = m + -2. What is the units digit of k?
6
Suppose 0 = -6*n - 196 + 976. What is the hundreds digit of n?
1
Let p = -1 + -2. What is the units digit of 7*(-6 - -3)/p?
7
What is the tens digit of -3 + -34*6/(-4)?
4
Let h = 3 - 2. Let y(o) = -5 - h + o - 2*o. What is the units digit of y(-7)?
1
Let o = 4 - 3. Let q be ((-28)/(-2))/(o + 1). What is the units digit of (-10)/(-14) + 2/q?
1
Let p(z) = 4*z**2 - z - 2. Let n(b) = 5*b**2 - 2*b - 3. Let i(h) = -5*n(h) + 6*p(h). What is the units digit of i(4)?
3
Let u(l) be the third derivative of 0*l**3 + 0*l**4 + 0*l**5 + 0 - 7/120*l**6 + 0*l + 4*l**2. What is the units digit of u(-1)?
7
Suppose -n + 137 = 3*t, 2*t - 11 - 89 = -5*n. Suppose 0*u - 5*u = -t. Suppose -3*l + 0 = -u. What is the units digit of l?
3
Let z = -50 + 59. What is the units digit of z?
9
Suppose 0 = 4*o - 4. Suppose -4*c = r + c + o, 3*r = -5*c + 7. What is the units digit of r*(-3)/(-2) - -1?
7
What is the units digit of (992/(-56))/((-2)/7)?
2
Let k = -1 + 10. Let n = k + 8. What is the units digit of n?
7
Let r(m) = m**3 + 16*m**2 - 3*m + 6. What is the tens digit of r(-16)?
5
Suppose 2*z + z - 2*g - 104 = 0, -g - 100 = -3*z. What is the tens digit of z?
3
What is the tens digit of 6/27 + 0 + 5971/63?
9
Suppose -120 - 99 = -3*r. What is the tens digit of r?
7
Suppose 2*j = -3*j - 15. Let d(m) = -m - 2. Let b be d(j). What is the units digit of (3 + -6 + b)*-1?
2
Let l(k) = -15*k**3 - 7*k**2 - 5*k + 2. Let w(s) = -7*s**3 - 4*s**2 - 3*s + 1. Let u(i) = -3*l(i) + 5*w(i). What is the tens digit of u(1)?
1
Let j be 6/8 - 46/8. Let k(f) = 2*f**2 + 3*f - 7. Let r be k(j). Suppose -i + 22 = -2*z, -5*i + 3*z = -r - 54. What is the units digit of i?
4
Suppose -v + 0*v = 0. Suppose v = 2*x - 3 - 7. What is the units digit of x?
5
Let p(h) = 34*h + 2. What is the units digit of p(2)?
0
Let j be (23 - -3)*1/(-2). Let c = j + 20. What is the units digit of c?
7
Suppose 7 - 19 = -4*s. Suppose 6 = s*c - 0*c. What is the units digit of 3/3 - (-12)/c?
7
What is the units digit of 2/(-12) - 845/(-30)?
8
Suppose -9*u + 185 = 41. What is the units digit of u?
6
Let h = 13 - -8. Let o be 1/3 + 98/h. Suppose -12 = -4*v + v - 2*l, 0 = o*l. What is the units digit of v?
4
Let r(m) = -m**3 - 2*m**2 + 3*m + 6. What is the units digit of r(-4)?
6
Let r(h) = 3*h + 2. Let n be r(-2). Let j = n - -4. Suppose j = 2*f + 4 - 20. What is the units digit of f?
8
What is the tens digit of (3 - 742/(-18)) + 14/(-63)?
4
Suppose 4*h - 1 = -4*x - 13, -3*x = 2*h + 8. Let j(a) = a - 3. Let p be j(4). Let b = p - x. What is the units digit of b?
3
What is the units digit of (-122)/(-3) - 16/(-48)?
1
Suppose -2*w - 4 = 0, -4*b - 4*w + 196 = -3*b. What is the hundreds digit of b?
2
Let t(x) = 10*x**2 - 2*x - 2. What is the units digit of t(2)?
4
Let y = 277 - 186. What is the units digit of y?
1
Let a(k) = k**2 - 9*k - 2. Let l be a(8). Let j = l - -15. Suppose 0 = -3*f + j*t + 3 - 5, -2*t = -8. What is the units digit of f?
6
Suppose 10*c = 902 + 1298. What is the hundreds digit of c?
2
Let o = -6 - -3. What is the tens digit of o/(-27)*-3*-42?
1
Let w = -60 + 169. What is the tens digit of w?
0
Let a = 11 + -8. Suppose -51 = -a*v - 0*v. What is the units digit of v?
7
Let j(b) = 6 + b - 4*b**2 + 2 + 5*b + 5*b**2. What is the tens digit of j(-7)?
1
Let f be 3 + -3 + (0 - -92). What is the units digit of f/12 - (-1)/3?
8
Let b = 7 - 16. Suppose -5*f + 642 + 314 = -3*m, 196 = f - 3*m. What is the units digit of f/45 + 2/b?
4
Suppose 0 = 2*w + g - 15, -g = -3*w + 2*g. Suppose -w*a + 0*a - 40 = 0. What is the units digit of 1 + (0 - 1) - a?
8
Let i = 74 - -83. What is the units digit of i?
7
Suppose -o + 3 = -17. Suppose 4*j - o = -4*m, 2*j + 0*m - 4*m = -2. What is the units digit of j?
3
Suppose 8*h + 1160 = 18*h. What is the hundreds digit of h?
1
What is the units digit of 45 - 15/(-25)*-5?
2
Let s(a) = 7*a + 6. What is the units digit of s(6)?
8
What is the tens digit of 170/1*(-1)/((-2)/1)?
8
Let p be (15/12)/(2/32). Suppose 3*g - p = -2*g. What is the units digit of g?
4
Suppose 4*l - 511 = -5*r, -4*r + l = -389 - 24. What is the units digit of r?
3
Suppose y = -2*y - 9, 4*b + 5*y - 5 = 0. What is the units digit of b?
5
Let b = 17 - -1. What is the units digit of b?
8
Suppose -r + 4*r = -4*t + 70, 3*t - 42 = 3*r. Let v = t - 14. What is the units digit of v?
2
Suppose 0 = 4*l + 12, -l - 3 = u - 0. Suppose u*b + 9 = -3*b. Let a = b - -13. What is the tens digit of a?
1
Let j = 17 - 10. Let s(c) = -c**2 + 9*c + 16. What is the units digit of s(j)?
0
Let c = -95 + 212. What is the hundreds digit of c?
1
Let c = 0 - 12. Let v be 40/12*c/(-10). Suppose 3*w + 43 = 4*n + n, -n - v*w = -4. What is the units digit of n?
8
Let s(a) = a. Suppose -17 = 5*n - n - k, 5*n + 20 = k. Let t = n - -5. What is the units digit of s(t)?
2
Let o = 4 - -177. What is the hundreds digit of o?
1
Suppose 0 = 3*c + 3*h - 159, 2*c = -c + 3*h + 147. Let d = c + -13. What is the units digit of d?
8
Let f(w) = 3*w + 0*w + 8*w**2 + 0 + 3. What is the units digit of f(-2)?
9
Let p be 4/(3/(-3) + -1). What is the units digit of 1 + p/(6/(-21))?
8
Let f be (-2)/(-8) + (-2)/8. Suppose f*w + 3*w - 21 = 0. What is the units digit of w?
7
Let z(h) = -h**2 + 2. Let f be z(0). Suppose -3*g + 105 = f*g. What is the tens digit of g?
2
Let h(f) be the second derivative of -f**3/3 - 5*f**2 - f. Let x be -8*3/6*2. What is the units digit of h(x)?
6
Let t = -4 - -35. Let j = t + -16. What is the units digit of j?
5
What is the hundreds digit of (4/6)/(((-19)/(-390))/19)?
2
Suppose -2*r - 3*r + 5 = 0. Let d be (-11)/(r - (2 - 0)). Suppose -p + 2*p - d = 0. What is the tens digit of p?
1
Suppose -4*i = -3 - 13. Suppose 0*x + 96 = i*x. What is the tens digit of x?
2
Let l = -128 + 207. What is the tens digit of l?
7
Suppose -6 = -4*h + 3*h - 4*f, 5*f - 3 = -2*h. Let l be 2 - 4 - (0 - -8). Let o = h - l. What is the units digit of o?
4
Let v be 18/5 + (-2)/(-5). Let a be (14/v)/((-2)/4). What is the units digit of (-2)/a - (-414)/21?
0
Suppose 130 = 2*o + 2*o + 2*m, -66 = -2*o - 2*m. What is the tens digit of o?
3
What is the tens digit of 1/(4/953) + (-3)/(-4)?
3
Let z be (-9)/1*5/(-5). Let a = z + 2. What is the tens digit of a?
1
Let k(t) = t + 3. Let q be k(0). Suppose q*y - 7*y = -8. What is the units digit of (1/2)/(y/20)?
5
Let h = -31 - -66. What is the tens digit of h?
3
What is the tens digit of 12/(-27)*6*-6?
1
Let z = 55 - 39. Suppose z = 4*f - x, -f - 3*f + 4*x + 28 = 0. What is the units digit of f/(1 + 2)*1?
1
Let d(v) = -2*v**3 - 2*v**2 + 2*v + 68. What is the units digit of d(0)?
8
Let h be 3*(5 - 2)*3. Suppose 0 = -7*k + 4*k, -2*k + h = 3*n. What is the units digit of n?
9
Suppose 10 = 5*n - 45. Let i = -8 + n. Let y = i - 1. What is the units digit of y?
2
Let z(j) = -8*j + 2 + j - 7*j**2 - 2*j**2. Let c(r) = 4*r**2 + 3*r 